n divisor of 2 and 614?
2
What is the greatest common factor of 1029 and 98?
49
What is the greatest common divisor of 4680 and 8?
8
What is the highest common divisor of 437 and 57?
19
Calculate the greatest common factor of 14415 and 15.
15
Calculate the greatest common divisor of 133 and 4788.
133
What is the highest common factor of 8 and 15464?
8
Calculate the greatest common divisor of 2726 and 893.
47
Calculate the highest common divisor of 680 and 920.
40
Calculate the greatest common factor of 70 and 3290.
70
Calculate the highest common factor of 161 and 23.
23
What is the greatest common divisor of 101 and 3131?
101
Calculate the greatest common factor of 321 and 3.
3
Calculate the highest common factor of 9880 and 38.
38
Calculate the highest common divisor of 42 and 434.
14
What is the greatest common divisor of 54 and 48?
6
What is the greatest common divisor of 1876 and 28?
28
Calculate the highest common factor of 28544 and 256.
128
What is the greatest common divisor of 512 and 32?
32
Calculate the greatest common factor of 30 and 170.
10
Calculate the greatest common factor of 14 and 54.
2
What is the highest common divisor of 440 and 10?
10
What is the greatest common factor of 60885 and 9?
9
Calculate the greatest common factor of 38 and 190.
38
What is the greatest common factor of 22239 and 189?
63
Calculate the highest common factor of 644 and 28.
28
Calculate the highest common factor of 22 and 297.
11
Calculate the highest common divisor of 17415 and 45.
45
Calculate the greatest common divisor of 13 and 208.
13
Calculate the highest common factor of 437 and 23.
23
What is the greatest common factor of 148 and 4181?
37
Calculate the greatest common divisor of 252 and 56.
28
What is the highest common divisor of 40 and 2180?
20
Calculate the greatest common factor of 11 and 3641.
11
Calculate the highest common divisor of 176 and 26664.
88
Calculate the highest common divisor of 144 and 1072.
16
What is the highest common factor of 40 and 40?
40
What is the greatest common factor of 340 and 295?
5
Calculate the greatest common divisor of 242 and 8591.
121
Calculate the highest common divisor of 8 and 6528.
8
Calculate the greatest common divisor of 1712 and 176.
16
What is the greatest common factor of 530 and 53?
53
Calculate the greatest common divisor of 8 and 824.
8
What is the greatest common divisor of 5120 and 80?
80
What is the greatest common factor of 136 and 238?
34
What is the highest common factor of 43 and 1591?
43
What is the highest common factor of 810 and 6?
6
What is the highest common factor of 6545 and 340?
85
What is the highest common factor of 74 and 259?
37
Calculate the highest common divisor of 5 and 545.
5
What is the greatest common divisor of 106 and 23?
1
What is the highest common divisor of 196 and 42?
14
Calculate the highest common divisor of 2254 and 147.
49
Calculate the greatest common factor of 40 and 288.
8
Calculate the greatest common divisor of 10 and 590.
10
Calculate the highest common factor of 8 and 436.
4
Calculate the highest common divisor of 9432 and 72.
72
What is the greatest common divisor of 13 and 70343?
13
Calculate the greatest common factor of 1320 and 160.
40
What is the highest common divisor of 22977 and 37?
37
Calculate the greatest common factor of 8822 and 110.
22
Calculate the highest common factor of 330 and 264.
66
Calculate the greatest common divisor of 281 and 13207.
281
Calculate the greatest common divisor of 3 and 11.
1
Calculate the greatest common divisor of 527 and 136.
17
Calculate the greatest common divisor of 196 and 72.
4
What is the highest common factor of 2016 and 357?
21
What is the highest common factor of 33618 and 78?
78
Calculate the greatest common factor of 12 and 12.
12
Calculate the greatest common factor of 315 and 585.
45
Calculate the highest common factor of 105 and 336.
21
Calculate the greatest common divisor of 448 and 28.
28
Calculate the highest common divisor of 6 and 8014.
2
Calculate the greatest common factor of 3 and 996.
3
What is the greatest common divisor of 54 and 222?
6
Calculate the greatest common divisor of 473 and 86.
43
What is the greatest common factor of 2532 and 24?
12
What is the greatest common factor of 182 and 65?
13
What is the greatest common divisor of 6 and 3582?
6
What is the greatest common divisor of 6465 and 15?
15
What is the greatest common divisor of 45 and 115?
5
Calculate the greatest common divisor of 1 and 24.
1
What is the greatest common factor of 36507 and 129?
129
Calculate the highest common divisor of 3810 and 30.
30
Calculate the highest common factor of 34 and 182.
2
Calculate the highest common factor of 10058 and 642.
214
Calculate the highest common factor of 27305 and 215.
215
Calculate the greatest common divisor of 54 and 639.
9
Calculate the greatest common divisor of 1122 and 66.
66
Calculate the greatest common factor of 7 and 1757.
7
What is the greatest common factor of 21035 and 35?
35
Calculate the greatest common factor of 1635 and 60.
15
What is the greatest common factor of 10170 and 42?
6
Calculate the highest common divisor of 77 and 203.
7
Calculate the greatest common divisor of 50 and 395.
5
What is the highest common factor of 280 and 322?
14
What is the greatest common factor of 45549 and 54?
27
What is the greatest common divisor of 48 and 472?
8
What is the highest common factor of 123 and 2911?
41
Calculate the highest common factor of 4 and 7.
1
Calculate the greatest common factor of 30 and 130.
10
What is the highest common factor of 97 and 1?
1
What is the highest common divisor of 828 and 5428?
92
What is the highest common factor of 1921 and 17?
17
Calculate the highest common divisor of 273 and 126.
21
What is the greatest common factor of 92 and 115?
23
What is the highest common factor of 21689 and 82?
41
Calculate the highest common factor of 99 and 825.
33
Calculate the greatest common divisor of 6 and 99.
3
What is the highest common factor of 688 and 86?
86
What is the greatest common factor of 8848 and 448?
112
Calculate the highest common factor of 300 and 3675.
75
Calculate the greatest common factor of 3540 and 168.
12
What is the highest common factor of 13 and 6?
1
What is the greatest common factor of 574 and 246?
82
What is the greatest common factor of 1885 and 975?
65
What is the greatest common factor of 374 and 221?
17
What is the greatest common factor of 1519 and 31?
31
Calculate the highest common factor of 53 and 106.
53
What is the highest common factor of 8 and 6?
2
What is the greatest common factor of 14090 and 10?
10
Calculate the highest common factor of 8 and 376.
8
What is the highest common factor of 120 and 135?
15
What is the highest common divisor of 164 and 38?
2
What is the greatest common divisor of 4181 and 226?
113
What is the greatest common factor of 234 and 689?
13
Calculate the highest common divisor of 54087 and 33.
33
What is the greatest common factor of 70 and 210?
70
Calculate the greatest common factor of 2 and 123.
1
What is the greatest common factor of 264 and 396?
132
Calculate the highest common factor of 80 and 300.
20
Calculate the greatest common divisor of 77 and 329.
7
Calculate the highest common divisor of 258 and 6.
6
Calculate the highest common divisor of 670 and 50.
10
Calculate the highest common divisor of 187 and 77.
11
Calculate the greatest common factor of 6 and 753.
3
What is the highest common factor of 3264 and 51?
51
Calculate the greatest common divisor of 66 and 814.
22
What is the greatest common divisor of 4 and 1538?
2
Calculate the highest common factor of 22898 and 428.
214
What is the highest common divisor of 432 and 64?
16
What is the highest common factor of 1001 and 182?
91
What is the greatest common divisor of 16 and 752?
16
What is the greatest common factor of 67 and 109210?
67
What is the highest common factor of 18 and 684?
18
Calculate the highest common factor of 18 and 11844.
18
Calculate the greatest common divisor of 6272 and 128.
128
What is the greatest common factor of 95 and 19?
19
Calculate the highest common divisor of 474 and 2054.
158
Calculate the highest common divisor of 2405 and 65.
65
Calculate the greatest common divisor of 2